{"id":30,"date":"2018-11-06T14:30:10","date_gmt":"2018-11-06T13:30:10","guid":{"rendered":"http:\/\/gzvodice.si\/?page_id=30"},"modified":"2018-11-06T14:30:10","modified_gmt":"2018-11-06T13:30:10","slug":"pgd-sinkov-turn","status":"publish","type":"page","link":"https:\/\/www.gzvodice.si\/?page_id=30","title":{"rendered":"PGD \u0160inkov Turn"},"content":{"rendered":"<p>e-mail: gasilci.sinkov.turn@gmail.com<br \/>\nwww: <a href=\"http:\/\/www.pgdsinkovturn.si\/\" target=\"_blank\" rel=\"noopener\">http:\/\/www.pgdsinkovturn.si\/<\/a><br \/>\nfacebook: <a href=\"https:\/\/www.facebook.com\/groups\/164549056890525\" target=\"_blank\" rel=\"noopener\">https:\/\/www.facebook.com\/groups\/164549056890525<\/a><\/p>\n<p><img loading=\"lazy\" decoding=\"async\" class=\"alignnone size-medium wp-image-31 aligncenter\" src=\"http:\/\/gzvodice.si\/wp-content\/uploads\/2018\/11\/l_1059921_gd-sinkov-turn1-300x200.jpg\" alt=\"\" width=\"300\" height=\"200\" \/><\/p>\n<div style=\"text-align: justify;\">\n<p>V gradu \u0160inkov Turn, od katerega se je do danes ohranil samo obnovljen vrtni paviljon, se je v letih po prvi svetovni vojni odvijala \u017eivahna kulturna dejavnost. Prebivalci okoli\u0161kih krajev so se dru\u017eili in prirejali ljudske igre, miklav\u017eevanje in silvestrovanje. Beseda je dala besedo in sklenili so, da ustanovijo gasilsko dru\u0161tvo. Tako so v septembru leta\u00a01925 krajani vasi Koseze, Kot, Potok, \u0160inkov Turn, Golo in Selo ustanovili gasilsko dru\u0161tvo \u0160inkov Turn. Kasneje so k dru\u0161tvu pristopili \u0161e krajani iz Vesce. Priprave za ustanovitev dru\u0161tva in prvi sestanki pa so bili v gostilni Pr&#8217; Jernej v \u0160inkovem Turnu.<\/p>\n<\/div>\n<div style=\"text-align: justify;\">\n<p>1926 so kupili rog in prvo brizgalno, leto kasneje postavili gasilski dom. \u010clani so \u017ee v tistih letih sodelovali na slovesnostih, kot je procesija za veliko no\u010d v &#8220;kroju&#8221;, kot so tedaj rekli gasilski uniformi. Prav tako so zapisi o po\u017ertvovalnem &#8220;ve\u017ebanju&#8221;, redovnih vajah in o nekaj po\u017earih, ki so jih gasili doma ali pa od\u0161li na pomo\u010d k sosedom. Sledilo je obdobje z manj aktivnostmi, v hranilnici so bili pogosti dolgovi, v dru\u0161tvu je prihajalo do pogostih menjav funkcij. V letu 1937 je dru\u0161tvo kupilo prvo motorno brizgalno ILO. Sredstva so pridobivali s pomo\u010djo iger, veselic in prispevkov krajanov. Sicer majhna aktivnost do 2. svetovne vojne pa je v celoti zamrla med vojno. Po koncu vojne se aktivnost po\u010dasi pri\u010dela krepiti. Stalnica so bile igre, vaje, kak\u0161en po\u017ear in leta 1948 nov voz za motorno brizgalno. Leta 1951 zanimiv arhivski zapisnik ob\u010dnega zbora Prostovoljnega gasilskega dru\u0161tva Bukovica &#8211; Utik, pri\u010da, da je bil predsednik dru\u0161tva Franc Ramov\u017e, poveljnik Feliks Rosulnik. Danes se \u010dudimo tistim \u010dasom, toda politi\u010dna te\u017enja po ustanavljanju masovnih organizacijah se je poznala tudi v zdru\u017eevanju gasilskih \u010det.<\/p>\n<\/div>\n<div style=\"text-align: justify;\">\n<p>Naslednje leto je dru\u0161tvo nabavilo osebni avtomobil Mercedes za gasilske in re\u0161evalne namene, ki ni bil posre\u010den nakup, saj so ga \u010dez nekaj let prodali. Leta brez posebnosti in z rednimi gasilskimi dogodki so se nadaljevala. Aktivnej\u0161e obdobje se je za\u010delo z letom 1970, ko se je pri\u010delo vlagati v velike investicije: najprej zidan stolp, nato nov kombi IMV in elektri\u010dna sirena, ki \u0161e vedno slu\u017ei svojemu namenu, naslednje leto motorna brizgalna Rosenbauer, \u010dez pet let pa nov gasilski dom. Zasnovan je bil v dovolj velikem obsegu, da tudi danes vanj lahko zapeljejo GVC 16\/25. Leta 1980 so dobili v uporabo cisterno od Gasilske zveze Ljubljana &#8211; \u0160i\u0161ka, ki je sedaj Prostovoljnem gasilskem dru\u0161tvu Polje. Kupili so orodno vozilo TAM, \u010dez leta GVM, zgradili mali dom in postavili teraso, pred koncem tiso\u010dletja pa kupili \u0161e novo MB Rosenbauer Fox II.<\/p>\n<\/div>\n<div style=\"text-align: justify;\">Vzporedno s tehniko in gradnjami je dru\u0161tvo postalo prepoznavno po tekmovanjih. Prvi resni zametki segajo v leto 1970. Vsak, ki je kdaj tekmoval na dr\u017eavnem ali mednarodnem tekmovanju oziroma gasilski olimpijadi ve, da je potrebno vsaj dvoje: delo v skupini ter velika vztrajnost mentorjev in tekmovalcev. V Prostovoljnem gasilskem dru\u0161tvu so se udele\u017eili slede\u010dih olimpijskih nastopov: Berlin 1993 mladinke, Herning 1997 \u010dlanice B, Vara\u017edin 2005 \u010dlani B in \u010dlanice B, ki so svoje delo kronale z naslovom olimpijskih prvakinj. Celo desetletje so veterani polnili vitrine s pokali in bili mnogim nedosegljivi po rezultatih. Bolj temeljit pogled pravi, da so v ve\u010dini tekmovalnih kategorij na dr\u017eavnem nivoju posegli po katerem od prvih treh mest.<\/div>\n<div style=\"text-align: justify;\">Na operativnem podro\u010dju so bile stalnice vsakoletne vaje, vaje po vaseh, sektorske vaje in tudi kak\u0161no predavanje za krajane. Ve\u010djih intervencij ni bilo razen dveh izjem: sodelovanje pri ga\u0161enju po\u017eara Colorja v Medvodah leta 1990 in leta 1994 po\u017ear v Vesci na kmetiji Kosec.<\/div>\n<div style=\"text-align: justify;\">\n<p>Pogled z razdalje nam pravi, da sta v dru\u0161tvu v zadnjih 15 letih opazni dve izredni spremembi. Operativno delo je postalo bolj zahtevno, obse\u017eno, raznoliko. Gasilci imajo obvezno osebno in skupno za\u0161\u010ditno opremo, nova znanja in tudi tehniko za re\u0161evanje v razli\u010dnih situacijah. To je osnova vsake gasilske enote, kjerkoli po Sloveniji. Res je tudi, da mnogo sredstev, tudi za za\u0161\u010dito, \u0161e vedno dobijo s pomo\u010djo krajanov, donatorjev ali prireditev. Na splo\u0161no imajo manj\u0161e \u0161tevilo letnih intervencij. Zgodi pa se, da grejo tudi bolj dale\u010d, na primer na Kras v boj z ognjem ali na Gozd nad Kamnikom na pomo\u010d po neurju. Posebej skrbijo za usposabljanja in vaje. Za strokovno izobra\u017eevanje so pribli\u017eno 50 do 60 dni v Centru na Igu.<\/p>\n<\/div>\n<div style=\"text-align: justify;\">\n<p>Drug poseben pe\u010dat je delo z mladimi, kjer so vztrajni in domiselni. Z veseljem se spomnimo organizacije 10. dr\u017eavnega kviza 2011 v Osnovni \u0161oli Vodice, rednih treningov za mentorje mladine, kjer se jim pridru\u017eijo kolegi s cele Slovenije ter sobotnih delavnic za mlade \u010dlane, kjer spoznavajo gasilstvo iz zanimivih perspektiv, pridobijo nekaj gasilskega znanja, se seznanijo z opremo in naredijo kak\u0161en prilo\u017enostni izdelek. V letnem \u010dasu se pripravljajo na tekmovanja, ki jih za mladino ne zmanjka (orientacija, kviz, ob\u010dinska in ostala tekmovanja). Veliko let je bila mladinska enota reden gost na De\u017eelnem tekmovanju Tirolske. Najmlaj\u0161i \u010dlani se pogosto veselijo letovanja, ekskurzije ali izleta z obveznim kopanjem. V okviru programa Mladi v akciji so s pomo\u010djo evropskih sredstev organizirali dva mednarodna projekta, to sta mladinski izmenjavi s kolegi iz Avstrije in Hrva\u0161ke.<\/p>\n<\/div>\n<div style=\"text-align: justify;\">Skrbijo tudi za redno urejanje gasilskega doma in njegove okolice ter seveda za dru\u017eabno \u017eivljenje. Iz za\u010detnih 27 \u010dlanov, jih je danes v dru\u0161tvu preko 200. \u010clani so razvili razli\u010dna tradicionalna praznovanja, kot so obletnice, va\u0161ke igre, pikniki, tekmovanje v tenstanem krompirju in kuhanje vina po polno\u010dnici v cerkvi Matere Bo\u017eje. V letu 2014 so se gasilski javnosti predstavili z organizacijo medgeneracijskega sre\u010danja, na kar so ponosni zaradi mnogih gostujo\u010dih prostovoljcev in nasmejanih udele\u017eencev. Zaklju\u010dna misel je prav razmi\u0161ljanje ene od prostovoljk. Brala je knjigo zapisnikov za prva tri leta delovanja dru\u0161tva. Takole pravi: &#8220;Iz prebranega je razvidno, da je bilo gasilsko dru\u0161tvo od prvega dne srce, du\u0161a in plju\u010da va\u0161ega kraja. To ne bo zbornik ob 90-letnici, ampak zapis in popis utripa in \u017eivljenja Turncev zadnjih 90 let. Dru\u0161tvo je bilo gonilo razvoja, srce \u017eivljenja v va\u0161em kraju, kulturno in dru\u017eabno sredi\u0161\u010de! V njem so delovali vizionarski in napredni ljudje (nakup \u010drpalke, zbiranje sredstev). Zdaj razumem, zakaj se pri vas vedno nekaj dogaja. Stopili ste v velike \u010devlje svojih prednikov!&#8221;<\/div>\n","protected":false},"excerpt":{"rendered":"<p>e-mail: gasilci.sinkov.turn@gmail.com www: http:\/\/www.pgdsinkovturn.si\/ facebook: https:\/\/www.facebook.com\/groups\/164549056890525 V gradu \u0160inkov Turn, od katerega se je do danes ohranil samo obnovljen vrtni paviljon, se je v letih po prvi svetovni vojni odvijala \u017eivahna kulturna dejavnost. Prebivalci okoli\u0161kih krajev so se dru\u017eili in&#8230;<\/p>\n","protected":false},"author":1,"featured_media":0,"parent":17,"menu_order":4,"comment_status":"closed","ping_status":"closed","template":"","meta":{"footnotes":"","_links_to":"","_links_to_target":""},"class_list":["post-30","page","type-page","status-publish","hentry"],"_links":{"self":[{"href":"https:\/\/www.gzvodice.si\/index.php?rest_route=\/wp\/v2\/pages\/30","targetHints":{"allow":["GET"]}}],"collection":[{"href":"https:\/\/www.gzvodice.si\/index.php?rest_route=\/wp\/v2\/pages"}],"about":[{"href":"https:\/\/www.gzvodice.si\/index.php?rest_route=\/wp\/v2\/types\/page"}],"author":[{"embeddable":true,"href":"https:\/\/www.gzvodice.si\/index.php?rest_route=\/wp\/v2\/users\/1"}],"replies":[{"embeddable":true,"href":"https:\/\/www.gzvodice.si\/index.php?rest_route=%2Fwp%2Fv2%2Fcomments&post=30"}],"version-history":[{"count":1,"href":"https:\/\/www.gzvodice.si\/index.php?rest_route=\/wp\/v2\/pages\/30\/revisions"}],"predecessor-version":[{"id":32,"href":"https:\/\/www.gzvodice.si\/index.php?rest_route=\/wp\/v2\/pages\/30\/revisions\/32"}],"up":[{"embeddable":true,"href":"https:\/\/www.gzvodice.si\/index.php?rest_route=\/wp\/v2\/pages\/17"}],"wp:attachment":[{"href":"https:\/\/www.gzvodice.si\/index.php?rest_route=%2Fwp%2Fv2%2Fmedia&parent=30"}],"curies":[{"name":"wp","href":"https:\/\/api.w.org\/{rel}","templated":true}]}}