{"id":27,"date":"2018-11-06T14:27:37","date_gmt":"2018-11-06T13:27:37","guid":{"rendered":"http:\/\/gzvodice.si\/?page_id=27"},"modified":"2018-11-06T14:27:37","modified_gmt":"2018-11-06T13:27:37","slug":"pgd-repnje-dobrusa","status":"publish","type":"page","link":"https:\/\/www.gzvodice.si\/?page_id=27","title":{"rendered":"PGD Repnje &#8211; Dobru\u0161a"},"content":{"rendered":"<p>e-mail: pgd.repnje@gmail.com<br \/>\nwww: <a href=\"http:\/\/pgd.repnje.si\/\" target=\"_blank\" rel=\"noopener\">http:\/\/pgd.repnje.si\/<\/a><br \/>\nfacebook: <a href=\"https:\/\/www.facebook.com\/pgd.repnje\" target=\"_blank\" rel=\"noopener\">https:\/\/www.facebook.com\/pgd.repnje<\/a><\/p>\n<p><img loading=\"lazy\" decoding=\"async\" class=\"alignnone size-medium wp-image-28 aligncenter\" src=\"http:\/\/gzvodice.si\/wp-content\/uploads\/2018\/11\/l_1059881_gd-repnje1-300x200.jpg\" alt=\"\" width=\"300\" height=\"200\" \/><\/p>\n<div style=\"text-align: justify;\">\n<p>\u010clani prostovolnega gasilskega dru\u0161tva Repnje &#8211; Dobru\u0161a delujejo tako na operativnem kot tudi na dru\u0161tevnem nivoju.<\/p>\n<\/div>\n<div style=\"text-align: justify;\">\n<p>Prostovoljno gasilsko dru\u0161tvo Repnje &#8211; Dobru\u0161a je del Gasilske zveze Vodice. Sodelovanje z Gasilsko zvezo Vodice ocenjujejo dobro, saj z njimi skupaj organizirajo razli\u010dna tekmovanja, v katerem prednja\u010dita predvsem gasilski kros in gasilski kviz za mladino. Z Gasilsko zvezo Vodice sodelujejo tudi na podro\u010dju usposabljanja, saj bi bilo usposabljanje brez pomo\u010di zveze zelo ote\u017eeno. V dru\u0161tvu so vedno pripravljeni prisko\u010diti na pomo\u010d in z veseljem sprejmejo vsakega \u010dlana, ki se jim \u017eeli pridru\u017eiti.<\/p>\n<\/div>\n<div style=\"text-align: justify;\">\n<p>Dru\u0161tvo vodi 15 \u010dlanski upravni odbor, katerega nadzoruje 3 \u010dlanski nadzorni odbor. Vsako leto v za\u010detku leta organizirajo ob\u010dni zbor, na katerem predstavijo klju\u010dne dogodke preteklega leta in pregledajo plan dela za naslednje leto.<\/p>\n<\/div>\n<div style=\"text-align: justify;\">\n<p>Poleg vseh dejavnosti se redno udele\u017eujejo razli\u010dnih tekmovanj znotraj ob\u010dine in tistih, ki jih prirejajo drugje. Tradicionalno se udele\u017eujejo tudi ma\u0161e na \u0160marni gori in \u010distilne akcije v ob\u010dini Vodice.<\/p>\n<\/div>\n<div style=\"text-align: justify;\">Poskrbljeno je tudi za mladino, saj skupaj s \u0160portnim dru\u0161tvom Repnje &#8211; Dobru\u0161a skrbijo za urejenost igri\u0161\u010d za nogomet in ko\u0161arko, s katerimi sku\u0161ajo privabiti mladino, da bi pomagala \u0161e naprej.<\/div>\n","protected":false},"excerpt":{"rendered":"<p>e-mail: pgd.repnje@gmail.com www: http:\/\/pgd.repnje.si\/ facebook: https:\/\/www.facebook.com\/pgd.repnje \u010clani prostovolnega gasilskega dru\u0161tva Repnje &#8211; Dobru\u0161a delujejo tako na operativnem kot tudi na dru\u0161tevnem nivoju. Prostovoljno gasilsko dru\u0161tvo Repnje &#8211; Dobru\u0161a je del Gasilske zveze Vodice. Sodelovanje z Gasilsko zvezo Vodice ocenjujejo dobro,&#8230;<\/p>\n","protected":false},"author":1,"featured_media":0,"parent":17,"menu_order":3,"comment_status":"closed","ping_status":"closed","template":"","meta":{"footnotes":"","_links_to":"","_links_to_target":""},"class_list":["post-27","page","type-page","status-publish","hentry"],"_links":{"self":[{"href":"https:\/\/www.gzvodice.si\/index.php?rest_route=\/wp\/v2\/pages\/27","targetHints":{"allow":["GET"]}}],"collection":[{"href":"https:\/\/www.gzvodice.si\/index.php?rest_route=\/wp\/v2\/pages"}],"about":[{"href":"https:\/\/www.gzvodice.si\/index.php?rest_route=\/wp\/v2\/types\/page"}],"author":[{"embeddable":true,"href":"https:\/\/www.gzvodice.si\/index.php?rest_route=\/wp\/v2\/users\/1"}],"replies":[{"embeddable":true,"href":"https:\/\/www.gzvodice.si\/index.php?rest_route=%2Fwp%2Fv2%2Fcomments&post=27"}],"version-history":[{"count":1,"href":"https:\/\/www.gzvodice.si\/index.php?rest_route=\/wp\/v2\/pages\/27\/revisions"}],"predecessor-version":[{"id":29,"href":"https:\/\/www.gzvodice.si\/index.php?rest_route=\/wp\/v2\/pages\/27\/revisions\/29"}],"up":[{"embeddable":true,"href":"https:\/\/www.gzvodice.si\/index.php?rest_route=\/wp\/v2\/pages\/17"}],"wp:attachment":[{"href":"https:\/\/www.gzvodice.si\/index.php?rest_route=%2Fwp%2Fv2%2Fmedia&parent=27"}],"curies":[{"name":"wp","href":"https:\/\/api.w.org\/{rel}","templated":true}]}}