{"id":15,"date":"2018-11-06T14:18:26","date_gmt":"2018-11-06T13:18:26","guid":{"rendered":"http:\/\/gzvodice.si\/?page_id=15"},"modified":"2025-09-08T09:09:34","modified_gmt":"2025-09-08T09:09:34","slug":"poveljstvo","status":"publish","type":"page","link":"https:\/\/www.gzvodice.si\/?page_id=15","title":{"rendered":"Poveljstvo"},"content":{"rendered":"<p>\u010clani poveljstva GZ Vodice v mandatnem obdobju 2023 &#8211; 2028 so:<\/p>\n<table border=\"1\" width=\"450\">\n<tbody>\n<tr>\n<td style=\"vertical-align: middle;\">Poveljnik<\/td>\n<td style=\"vertical-align: middle;\">Jo\u017ee Pavli\u010d<\/td>\n<td style=\"vertical-align: middle;\">VG\u010c II.st.<\/td>\n<\/tr>\n<tr>\n<td style=\"vertical-align: middle;\">Namestnik poveljnika<\/td>\n<td style=\"vertical-align: middle;\">Uro\u0161 Talan<\/td>\n<td style=\"vertical-align: middle;\">G\u010c I.st.<\/td>\n<\/tr>\n<tr>\n<td style=\"vertical-align: middle;\">Podpoveljnik I.<br \/>\n(poveljnik PGD Repnje-Dobru\u0161a)<\/td>\n<td style=\"vertical-align: middle;\">Roman Bali\u017e<\/td>\n<td style=\"vertical-align: middle;\">VG\u010c I.st.<\/td>\n<\/tr>\n<tr>\n<td style=\"vertical-align: middle;\">Podpoveljnik II.<br \/>\n(poveljnik PGD Bukovica-Utik)<\/td>\n<td style=\"vertical-align: middle;\">Emil Semeni\u010d<\/td>\n<td style=\"vertical-align: middle;\">G\u010c<\/td>\n<\/tr>\n<tr>\n<td style=\"vertical-align: middle;\">Pomo\u010dnik poveljnika za tekmovanja<\/td>\n<td style=\"vertical-align: middle;\">Uro\u0161 Burgar<\/td>\n<td style=\"vertical-align: middle;\">NG\u010c II.st.<\/td>\n<\/tr>\n<tr>\n<td style=\"vertical-align: middle;\">\u010clan poveljstva<br \/>\n(poveljnik PGD Vodice)<\/td>\n<td style=\"vertical-align: middle;\">David Bider<\/td>\n<td style=\"vertical-align: middle;\">G\u010c I.st.<\/td>\n<\/tr>\n<tr>\n<td style=\"vertical-align: middle;\">\u010clan poveljstva<br \/>\n(poveljnik Enote za prvo pomo\u010d<\/td>\n<td style=\"vertical-align: middle;\">Klemen Dolenc<\/td>\n<td style=\"vertical-align: middle;\">G\u010c I.st.<\/td>\n<\/tr>\n<tr>\n<td style=\"vertical-align: middle;\">\u010clan poveljstva<br \/>\n(poveljnik PGD Polje)<\/td>\n<td style=\"vertical-align: middle;\">Robert Fojs<\/td>\n<td style=\"vertical-align: middle;\">G\u010c<\/td>\n<\/tr>\n<tr>\n<td style=\"vertical-align: middle;\">\u010clan poveljstva<br \/>\n(poveljnik PGD \u0160inkov Turn)<\/td>\n<td style=\"vertical-align: middle;\">Miha Mu\u0161i\u010d<\/td>\n<td style=\"vertical-align: middle;\">G\u010c I.st.<\/td>\n<\/tr>\n<tr>\n<td style=\"vertical-align: middle;\">\u010clan poveljstva<br \/>\n(poveljnik PGD Zapoge)<\/td>\n<td style=\"vertical-align: middle;\">Alja\u017e Klemen<\/td>\n<td style=\"vertical-align: middle;\">G<\/td>\n<\/tr>\n<tr>\n<td style=\"vertical-align: middle;\">\u010clan poveljstva<br \/>\n(poveljnik Enote za delo na vi\u0161ini)<\/td>\n<td style=\"vertical-align: middle;\">Jurij \u0160u\u0161tar<\/td>\n<td style=\"vertical-align: middle;\">NG\u010c<\/td>\n<\/tr>\n<\/tbody>\n<\/table>\n<p>\u010clani komisije za usposablanje v mandatnem obdobju 2023 &#8211; 2028:<\/p>\n<table border=\"1\" width=\"450\">\n<tbody>\n<tr>\n<td style=\"vertical-align: middle;\">Predsednik<\/td>\n<td style=\"vertical-align: middle;\">Uro\u0161 Talan<\/td>\n<td style=\"vertical-align: middle;\">PGD Polje<\/td>\n<\/tr>\n<tr>\n<td style=\"vertical-align: middle;\">Nam. predsednika<\/td>\n<td style=\"vertical-align: middle;\">Roman Bali\u017e<\/td>\n<td style=\"vertical-align: middle;\">PGD Repnje-Dobru\u0161a<\/td>\n<\/tr>\n<tr>\n<td style=\"vertical-align: middle;\">\u010clanica<\/td>\n<td style=\"vertical-align: middle;\">Ne\u017ea Jan Stupica<\/td>\n<td style=\"vertical-align: middle;\">PGD Repnje-Dobru\u0161a<\/td>\n<\/tr>\n<tr>\n<td style=\"vertical-align: middle;\">\u010clanica<\/td>\n<td style=\"vertical-align: middle;\">Manca Zmrzlikar<\/td>\n<td style=\"vertical-align: middle;\">PGD Polje<\/td>\n<\/tr>\n<tr>\n<td style=\"vertical-align: middle;\">\u010clan<\/td>\n<td style=\"vertical-align: middle;\">David Bider<\/td>\n<td style=\"vertical-align: middle;\">PGD Vodice<\/td>\n<\/tr>\n<tr>\n<td style=\"vertical-align: middle;\">\u010clan<\/td>\n<td style=\"vertical-align: middle;\">Matej \u010cuk<\/td>\n<td style=\"vertical-align: middle;\">PGD \u0160inkov Turn<\/td>\n<\/tr>\n<tr>\n<td style=\"vertical-align: middle;\">\u010clan<\/td>\n<td style=\"vertical-align: middle;\">Klemen Dolenc<\/td>\n<td style=\"vertical-align: middle;\">PGD Polje<\/td>\n<\/tr>\n<tr>\n<td style=\"vertical-align: middle;\">\u010clan<\/td>\n<td style=\"vertical-align: middle;\">Klemen Mer\u010dun<\/td>\n<td style=\"vertical-align: middle;\">PGD Bukovica-Utik<\/td>\n<\/tr>\n<tr>\n<td style=\"vertical-align: middle;\">\u010clan<\/td>\n<td style=\"vertical-align: middle;\">Miha Mu\u0161i\u010d<\/td>\n<td style=\"vertical-align: middle;\">PGD \u0160inkov Turn<\/td>\n<\/tr>\n<tr>\n<td style=\"vertical-align: middle;\">\u010clan<\/td>\n<td style=\"vertical-align: middle;\">Matej Podgor\u0161ek<\/td>\n<td style=\"vertical-align: middle;\">PGD Polje<\/td>\n<\/tr>\n<tr>\n<td style=\"vertical-align: middle;\">\u010clan<\/td>\n<td style=\"vertical-align: middle;\">Emil Semeni\u010d<\/td>\n<td style=\"vertical-align: middle;\">PGD Bukovica-Utik<\/td>\n<\/tr>\n<tr>\n<td style=\"vertical-align: middle;\">\u010clan<\/td>\n<td style=\"vertical-align: middle;\">Jaka \u0160tupar<\/td>\n<td style=\"vertical-align: middle;\">PGD Vodice<\/td>\n<\/tr>\n<\/tbody>\n<\/table>\n<p>\u010clani komisije za tekmovanja v mandatnem obdobju 2023 &#8211; 2028:<\/p>\n<table border=\"1\" width=\"450\">\n<tbody>\n<tr>\n<td style=\"vertical-align: middle;\">Predsednik<\/td>\n<td style=\"vertical-align: middle;\">Uro\u0161 Burgar<\/td>\n<td style=\"vertical-align: middle;\">PGD Vodice<\/td>\n<\/tr>\n<tr>\n<td style=\"vertical-align: middle;\">Nam. predsednika<\/td>\n<td style=\"vertical-align: middle;\">Branka Vode<\/td>\n<td style=\"vertical-align: middle;\">PGD Polje<\/td>\n<\/tr>\n<tr>\n<td style=\"vertical-align: middle;\">\u010clan<\/td>\n<td style=\"vertical-align: middle;\">Rok Alja\u017e<\/td>\n<td style=\"vertical-align: middle;\">PGD Zapoge<\/td>\n<\/tr>\n<tr>\n<td style=\"vertical-align: middle;\">\u010clan<\/td>\n<td style=\"vertical-align: middle;\">Primo\u017e Erce<\/td>\n<td style=\"vertical-align: middle;\">PGD Vodice<\/td>\n<\/tr>\n<tr>\n<td style=\"vertical-align: middle;\">\u010clan<\/td>\n<td style=\"vertical-align: middle;\">Simon Jeraj<\/td>\n<td style=\"vertical-align: middle;\">PGD Vodice<\/td>\n<\/tr>\n<tr>\n<td style=\"vertical-align: middle;\">\u010clan<\/td>\n<td style=\"vertical-align: middle;\">Nejc Laharnar<\/td>\n<td style=\"vertical-align: middle;\">PGD Polje<\/td>\n<\/tr>\n<tr>\n<td style=\"vertical-align: middle;\">\u010clan<\/td>\n<td style=\"vertical-align: middle;\">Klemen Mer\u010dun<\/td>\n<td style=\"vertical-align: middle;\">PGD Bukovica-Utik<\/td>\n<\/tr>\n<tr>\n<td style=\"vertical-align: middle;\">\u010clan<\/td>\n<td style=\"vertical-align: middle;\">Simon Mu\u0161i\u010d<\/td>\n<td style=\"vertical-align: middle;\">PGD \u0160inkov Turn<\/td>\n<\/tr>\n<tr>\n<td style=\"vertical-align: middle;\">\u010clan<\/td>\n<td style=\"vertical-align: middle;\">Emil Semeni\u010d<\/td>\n<td style=\"vertical-align: middle;\">PGD Bukovica-Utik<\/td>\n<\/tr>\n<\/tbody>\n<\/table>\n","protected":false},"excerpt":{"rendered":"<p>\u010clani poveljstva GZ Vodice v mandatnem obdobju 2023 &#8211; 2028 so: Poveljnik Jo\u017ee Pavli\u010d VG\u010c II.st. Namestnik poveljnika Uro\u0161 Talan G\u010c I.st. Podpoveljnik I. (poveljnik PGD Repnje-Dobru\u0161a) Roman Bali\u017e VG\u010c I.st. Podpoveljnik II. (poveljnik PGD Bukovica-Utik) Emil Semeni\u010d G\u010c Pomo\u010dnik&#8230;<\/p>\n","protected":false},"author":1,"featured_media":0,"parent":236,"menu_order":1,"comment_status":"closed","ping_status":"closed","template":"","meta":{"footnotes":"","_links_to":"","_links_to_target":""},"class_list":["post-15","page","type-page","status-publish","hentry"],"_links":{"self":[{"href":"https:\/\/www.gzvodice.si\/index.php?rest_route=\/wp\/v2\/pages\/15","targetHints":{"allow":["GET"]}}],"collection":[{"href":"https:\/\/www.gzvodice.si\/index.php?rest_route=\/wp\/v2\/pages"}],"about":[{"href":"https:\/\/www.gzvodice.si\/index.php?rest_route=\/wp\/v2\/types\/page"}],"author":[{"embeddable":true,"href":"https:\/\/www.gzvodice.si\/index.php?rest_route=\/wp\/v2\/users\/1"}],"replies":[{"embeddable":true,"href":"https:\/\/www.gzvodice.si\/index.php?rest_route=%2Fwp%2Fv2%2Fcomments&post=15"}],"version-history":[{"count":27,"href":"https:\/\/www.gzvodice.si\/index.php?rest_route=\/wp\/v2\/pages\/15\/revisions"}],"predecessor-version":[{"id":2620,"href":"https:\/\/www.gzvodice.si\/index.php?rest_route=\/wp\/v2\/pages\/15\/revisions\/2620"}],"up":[{"embeddable":true,"href":"https:\/\/www.gzvodice.si\/index.php?rest_route=\/wp\/v2\/pages\/236"}],"wp:attachment":[{"href":"https:\/\/www.gzvodice.si\/index.php?rest_route=%2Fwp%2Fv2%2Fmedia&parent=15"}],"curies":[{"name":"wp","href":"https:\/\/api.w.org\/{rel}","templated":true}]}}